the highest common divisor of 5049 and 440?
11
What is the highest common factor of 1220 and 79727?
61
What is the highest common divisor of 7 and 78687?
7
What is the greatest common divisor of 66315 and 195?
15
Calculate the greatest common factor of 965 and 1555.
5
Calculate the greatest common divisor of 334158 and 11869.
913
What is the greatest common factor of 6790 and 12416?
194
What is the highest common divisor of 276 and 816500?
92
What is the greatest common divisor of 15 and 7771620?
15
What is the greatest common factor of 2 and 11854?
2
Calculate the greatest common factor of 1356528 and 177.
177
What is the greatest common factor of 9009 and 88?
11
Calculate the highest common factor of 420960 and 12.
12
Calculate the greatest common divisor of 225 and 785025.
225
What is the greatest common divisor of 9750 and 49750?
250
Calculate the highest common factor of 69 and 14375.
23
Calculate the greatest common factor of 2857440 and 48.
48
What is the greatest common divisor of 118 and 137293?
59
Calculate the greatest common factor of 126 and 2450.
14
What is the greatest common divisor of 192 and 358680?
24
Calculate the greatest common divisor of 1014 and 166218.
78
What is the greatest common divisor of 45656 and 208?
104
Calculate the highest common divisor of 291 and 95933.
97
What is the highest common divisor of 63 and 70605?
9
Calculate the greatest common factor of 14970 and 165.
15
Calculate the highest common divisor of 3358 and 147568.
46
What is the highest common divisor of 193572 and 1216?
76
Calculate the highest common factor of 16116 and 325164.
948
Calculate the greatest common factor of 35 and 137585.
35
Calculate the highest common divisor of 14175 and 805.
35
Calculate the highest common factor of 164226 and 10908.
606
What is the highest common factor of 50 and 25930?
10
Calculate the highest common divisor of 1 and 13655.
1
What is the highest common factor of 162 and 72486?
18
What is the greatest common factor of 70215 and 4495?
155
What is the highest common divisor of 1728 and 1452?
12
What is the highest common divisor of 510 and 7410?
30
Calculate the greatest common factor of 1764 and 5427.
9
Calculate the highest common factor of 782 and 21148.
34
What is the greatest common factor of 1097178 and 10272?
642
What is the greatest common factor of 4 and 71807?
1
Calculate the highest common divisor of 9 and 11259.
9
Calculate the greatest common divisor of 2903467 and 721.
721
Calculate the highest common factor of 2040 and 4160.
40
Calculate the highest common factor of 425901 and 357.
357
Calculate the greatest common divisor of 9 and 217593.
9
What is the greatest common divisor of 325 and 21437?
13
What is the highest common divisor of 125724 and 108?
12
Calculate the highest common factor of 81680 and 160.
80
Calculate the greatest common divisor of 704 and 2750.
22
What is the greatest common divisor of 150 and 212025?
75
What is the highest common divisor of 146160 and 432?
144
Calculate the greatest common factor of 471685 and 145.
145
What is the greatest common factor of 7644 and 2100?
84
Calculate the greatest common factor of 184730 and 686.
98
What is the greatest common factor of 97983 and 342?
171
Calculate the greatest common divisor of 16099 and 2771.
17
What is the greatest common factor of 220 and 10604?
44
Calculate the highest common factor of 34776 and 92.
92
What is the greatest common divisor of 302492 and 1128?
188
What is the highest common divisor of 9204 and 16848?
156
What is the greatest common divisor of 22104 and 192?
24
What is the greatest common divisor of 223 and 1?
1
Calculate the greatest common divisor of 1341453 and 1044.
87
Calculate the greatest common factor of 20228 and 156.
52
What is the highest common divisor of 1467 and 27387?
9
What is the highest common factor of 1331 and 407?
11
Calculate the highest common factor of 1644562 and 332.
166
Calculate the greatest common factor of 526245 and 30.
15
What is the greatest common divisor of 384 and 76352?
64
Calculate the highest common divisor of 2201 and 12567.
71
What is the greatest common divisor of 2850858 and 1757?
251
Calculate the greatest common factor of 3148 and 52.
4
Calculate the highest common factor of 16483 and 2173.
53
What is the greatest common factor of 520783 and 199?
199
Calculate the greatest common divisor of 166 and 22586.
2
Calculate the greatest common factor of 63 and 144459.
63
Calculate the highest common divisor of 27 and 796491.
9
Calculate the highest common factor of 3068 and 7599436.
3068
What is the highest common factor of 3616 and 339?
113
Calculate the highest common divisor of 4 and 14216.
4
Calculate the greatest common divisor of 8216 and 30719.
13
What is the highest common factor of 824 and 13696?
8
What is the greatest common divisor of 135924 and 120?
12
What is the greatest common divisor of 4400 and 41840?
80
Calculate the greatest common divisor of 3033 and 121657.
337
What is the greatest common factor of 75376 and 224?
112
Calculate the highest common divisor of 122733 and 117.
117
What is the greatest common factor of 2 and 44168?
2
Calculate the greatest common divisor of 13557 and 3.
3
Calculate the highest common divisor of 759 and 88297.
253
What is the highest common divisor of 3609 and 11629?
401
Calculate the greatest common divisor of 88 and 2042.
2
Calculate the highest common divisor of 21675 and 2023.
289
What is the highest common factor of 1086524 and 172?
172
Calculate the highest common divisor of 39146 and 207.
23
What is the greatest common factor of 5767 and 2923?
79
What is the highest common factor of 20 and 119?
1
Calculate the highest common divisor of 96 and 314256.
48
Calculate the highest common divisor of 178116 and 192.
12
What is the highest common factor of 33580 and 140?
20
What is the greatest common divisor of 2795 and 333895?
215
What is the highest common factor of 2066987 and 403?
403
What is the greatest common divisor of 53105 and 494?
247
What is the greatest common factor of 9 and 1106721?
9
What is the greatest common factor of 5734457 and 1207?
1207
Calculate the highest common factor of 34079 and 280348.
643
Calculate the highest common factor of 48 and 3653976.
24
Calculate the greatest common divisor of 134145 and 5445.
495
What is the highest common factor of 8440 and 290?
10
Calculate the highest common divisor of 540 and 8294760.
180
What is the greatest common divisor of 735 and 1300?
5
What is the highest common factor of 11844 and 3024?
252
Calculate the highest common divisor of 13974 and 272.
34
Calculate the highest common divisor of 1577304 and 48.
24
What is the highest common factor of 20898 and 83205?
387
What is the greatest common factor of 78394 and 152?
38
Calculate the highest common factor of 1014 and 1482.
78
What is the greatest common divisor of 136 and 21284?
68
Calculate the highest common factor of 56 and 104076.
28
Calculate the highest common divisor of 4521 and 88.
11
What is the greatest common divisor of 225 and 31650?
75
What is the greatest common divisor of 14 and 205254?
14
What is the greatest common divisor of 5229 and 72625?
581
What is the greatest common divisor of 4473 and 1008?
63
Calculate the highest common factor of 173691 and 126.
63
What is the greatest common factor of 1533 and 11991?
21
What is the highest common divisor of 295 and 13?
1
Calculate the highest common factor of 22 and 1741927.
11
What is the highest common factor of 4862 and 25597?
143
What is the greatest common factor of 59949 and 261?
9
Calculate the greatest common divisor of 56 and 158564.
28
Calculate the greatest common divisor of 7764 and 108.
12
What is the highest common divisor of 337477 and 41696?
1303
Calculate the highest common factor of 80 and 7165.
5
Calculate the greatest common factor of 31326 and 276.
138
Calculate the highest common divisor of 123981 and 1020.
51
Calculate the highest common factor of 6919 and 6845.
37
What is the greatest common factor of 1358 and 645826?
194
What is the greatest common factor of 876 and 20?
4
What is the highest common divisor of 209544 and 96?
24
What is the greatest common divisor of 560700 and 2700?
900
Calculate the greatest common factor 